{"id":30,"date":"2012-02-05T03:05:20","date_gmt":"2012-02-05T03:05:20","guid":{"rendered":"http:\/\/inregnummarianum.d250.hu\/inregnummarianum\/?page_id=30"},"modified":"2012-02-10T00:00:58","modified_gmt":"2012-02-10T00:00:58","slug":"galeria","status":"publish","type":"page","link":"https:\/\/inregnummarianum.d250.hu\/inregnummarianum\/galeria\/","title":{"rendered":"Gal\u00e9ria"},"content":{"rendered":"<div>\n<p style=\"text-align: center;\"><img loading=\"lazy\" class=\"size-medium wp-image-893 aligncenter\" title=\"kulmbach\" src=\"http:\/\/inregnummarianum.d250.hu\/wp-content\/uploads\/2012\/02\/kulmbach-300x285.jpg\" alt=\"\" width=\"300\" height=\"285\" srcset=\"https:\/\/inregnummarianum.d250.hu\/inregnummarianum\/wp-content\/uploads\/2012\/02\/kulmbach-300x285.jpg 300w, https:\/\/inregnummarianum.d250.hu\/inregnummarianum\/wp-content\/uploads\/2012\/02\/kulmbach.jpg 438w\" sizes=\"(max-width: 300px) 100vw, 300px\" \/><\/p>\n<p style=\"text-align: center;\">Team Regnum Marianum<\/p>\n<p style=\"text-align: center;\">&nbsp;<\/p>\n<p style=\"text-align: center;\"><img loading=\"lazy\" class=\"aligncenter size-medium wp-image-897\" title=\"Cyprus\" src=\"http:\/\/inregnummarianum.d250.hu\/wp-content\/uploads\/2012\/02\/Cyprus-300x223.jpg\" alt=\"\" width=\"300\" height=\"223\" srcset=\"https:\/\/inregnummarianum.d250.hu\/inregnummarianum\/wp-content\/uploads\/2012\/02\/Cyprus-300x223.jpg 300w, https:\/\/inregnummarianum.d250.hu\/inregnummarianum\/wp-content\/uploads\/2012\/02\/Cyprus.jpg 524w\" sizes=\"(max-width: 300px) 100vw, 300px\" \/><\/p>\n<p style=\"text-align: center;\">Best german shepherd breeders of Cyprus<br \/>\nGeorge, L\u00e1szl\u00f3 and George<\/p>\n<p style=\"text-align: center;\">&nbsp;<\/p>\n<p style=\"text-align: center;\"><img loading=\"lazy\" class=\"aligncenter size-medium wp-image-899\" title=\"Ossman\" src=\"http:\/\/inregnummarianum.d250.hu\/wp-content\/uploads\/2012\/02\/Ossman-263x300.jpg\" alt=\"\" width=\"263\" height=\"300\" srcset=\"https:\/\/inregnummarianum.d250.hu\/inregnummarianum\/wp-content\/uploads\/2012\/02\/Ossman-263x300.jpg 263w, https:\/\/inregnummarianum.d250.hu\/inregnummarianum\/wp-content\/uploads\/2012\/02\/Ossman.jpg 422w\" sizes=\"(max-width: 263px) 100vw, 263px\" \/><\/p>\n<p style=\"text-align: center;\">Best german shepherd breeder(Fichtenshlag) of Germany<\/p>\n<p style=\"text-align: center;\">Bernd O\u00dfmann\u00a0 and L\u00e1szl\u00f3<\/p>\n<p style=\"text-align: center;\">&nbsp;<\/p>\n<p style=\"text-align: center;\"><img loading=\"lazy\" class=\"aligncenter size-medium wp-image-904\" title=\"Marco1\" src=\"http:\/\/inregnummarianum.d250.hu\/wp-content\/uploads\/2012\/02\/Marco1-300x273.jpg\" alt=\"\" width=\"300\" height=\"273\" srcset=\"https:\/\/inregnummarianum.d250.hu\/inregnummarianum\/wp-content\/uploads\/2012\/02\/Marco1-300x273.jpg 300w, https:\/\/inregnummarianum.d250.hu\/inregnummarianum\/wp-content\/uploads\/2012\/02\/Marco1.jpg 527w\" sizes=\"(max-width: 300px) 100vw, 300px\" \/><\/p>\n<p style=\"text-align: center;\">Marco Ossman, Kranyik L\u00e1szl\u00f3<br \/>\nand<br \/>\nVA1\u00a0Remo Fichtenschlag<\/p>\n<p style=\"text-align: center;\">&nbsp;<\/p>\n<p style=\"text-align: center;\"><img loading=\"lazy\" class=\"aligncenter size-full wp-image-970\" title=\"irm20\" src=\"http:\/\/inregnummarianum.d250.hu\/wp-content\/uploads\/2012\/02\/irm201.jpg\" alt=\"\" width=\"240\" height=\"160\" \/>Hans-Peter Rieker<\/p>\n<p style=\"text-align: center;\">&nbsp;<\/p>\n<p style=\"text-align: center;\"><img loading=\"lazy\" class=\"aligncenter size-full wp-image-971\" title=\"irm04\" src=\"http:\/\/inregnummarianum.d250.hu\/wp-content\/uploads\/2012\/02\/irm041.jpg\" alt=\"\" width=\"266\" height=\"200\" \/>Kranyik L\u00e1szl\u00f3 \u00e9s Kranyik Tibor VA Eskoval<\/p>\n<p style=\"text-align: center;\">&nbsp;<\/p>\n<p style=\"text-align: center;\"><img loading=\"lazy\" class=\"aligncenter size-full wp-image-907\" title=\"k1\" src=\"http:\/\/inregnummarianum.d250.hu\/wp-content\/uploads\/2012\/02\/k1.jpg\" alt=\"\" width=\"240\" height=\"160\" \/><\/p>\n<p style=\"text-align: center;\">Kranyik Tibor \u00e9s Quantum v.Arminius<br \/>\n(D\u00fcsseldorf JHKLR SG3)<\/p>\n<p style=\"text-align: center;\">&nbsp;<\/p>\n<p style=\"text-align: center;\"><img loading=\"lazy\" class=\"aligncenter size-full wp-image-909\" title=\"k2\" src=\"http:\/\/inregnummarianum.d250.hu\/wp-content\/uploads\/2012\/02\/k2.jpg\" alt=\"\" width=\"240\" height=\"160\" \/>Kranyik Tibor D\u00fcsseldorfban<br \/>\n2001.09.07-09.<\/p>\n<p style=\"text-align: center;\">&nbsp;<\/p>\n<p style=\"text-align: center;\"><img loading=\"lazy\" class=\"aligncenter size-full wp-image-910\" title=\"k4\" src=\"http:\/\/inregnummarianum.d250.hu\/wp-content\/uploads\/2012\/02\/k4.jpg\" alt=\"\" width=\"240\" height=\"238\" srcset=\"https:\/\/inregnummarianum.d250.hu\/inregnummarianum\/wp-content\/uploads\/2012\/02\/k4.jpg 240w, https:\/\/inregnummarianum.d250.hu\/inregnummarianum\/wp-content\/uploads\/2012\/02\/k4-150x150.jpg 150w\" sizes=\"(max-width: 240px) 100vw, 240px\" \/>Kranyik Tibor Dieter Hoffmannal \u00e9s<\/p>\n<p style=\"text-align: center;\">Bax v.d. Luisenstrasse (D\u00fcsseldorf VA)<\/p>\n<p style=\"text-align: center;\">&nbsp;<\/p>\n<p style=\"text-align: center;\"><img loading=\"lazy\" class=\"aligncenter size-full wp-image-911\" title=\"k18\" src=\"http:\/\/inregnummarianum.d250.hu\/wp-content\/uploads\/2012\/02\/k18.jpg\" alt=\"\" width=\"240\" height=\"160\" \/>Fedeztet\u00e9s Rikkor v. Bad-Bollal<\/p>\n<p style=\"text-align: center;\">&nbsp;<\/p>\n<p style=\"text-align: center;\"><img loading=\"lazy\" class=\"aligncenter size-medium wp-image-966\" title=\"irm23\" src=\"http:\/\/inregnummarianum.d250.hu\/wp-content\/uploads\/2012\/02\/irm231-166x300.jpg\" alt=\"\" width=\"166\" height=\"300\" srcset=\"https:\/\/inregnummarianum.d250.hu\/inregnummarianum\/wp-content\/uploads\/2012\/02\/irm231-166x300.jpg 166w, https:\/\/inregnummarianum.d250.hu\/inregnummarianum\/wp-content\/uploads\/2012\/02\/irm231.jpg 198w\" sizes=\"(max-width: 166px) 100vw, 166px\" \/>Ursus v. Batu<\/p>\n<p style=\"text-align: center;\">&nbsp;<\/p>\n<p style=\"text-align: center;\"><img loading=\"lazy\" class=\"aligncenter size-full wp-image-960\" title=\"irm08\" src=\"http:\/\/inregnummarianum.d250.hu\/wp-content\/uploads\/2012\/02\/irm081.jpg\" alt=\"\" width=\"240\" height=\"160\" \/><\/p>\n<p style=\"text-align: center;\"><img loading=\"lazy\" class=\"aligncenter size-full wp-image-961\" title=\"irm11\" src=\"http:\/\/inregnummarianum.d250.hu\/wp-content\/uploads\/2012\/02\/irm111.jpg\" alt=\"\" width=\"240\" height=\"160\" \/><\/p>\n<p style=\"text-align: center;\">Yose munk\u00e1ban<\/p>\n<p style=\"text-align: center;\">&nbsp;<\/p>\n<p style=\"text-align: center;\"><img loading=\"lazy\" class=\"aligncenter size-full wp-image-962\" title=\"irm10\" src=\"http:\/\/inregnummarianum.d250.hu\/wp-content\/uploads\/2012\/02\/irm101.jpg\" alt=\"\" width=\"240\" height=\"160\" \/>Yose &#8220;kifejezett, ereszt&#8221;<\/p>\n<p style=\"text-align: center;\">&nbsp;<\/p>\n<p style=\"text-align: center;\"><img loading=\"lazy\" class=\"aligncenter size-full wp-image-963\" title=\"irm09\" src=\"http:\/\/inregnummarianum.d250.hu\/wp-content\/uploads\/2012\/02\/irm091.jpg\" alt=\"\" width=\"240\" height=\"160\" \/>Kranyik L\u00e1szl\u00f3 \u00e9s Rikkor v. Bad-Boll<\/p>\n<p style=\"text-align: center;\">&nbsp;<\/p>\n<p style=\"text-align: center;\">&nbsp;<\/p>\n<\/div>\n<p>&nbsp;<\/p>\n","protected":false},"excerpt":{"rendered":"<p>Team Regnum Marianum &nbsp; Best german shepherd breeders of Cyprus George, L\u00e1szl\u00f3 and George &nbsp; Best german shepherd breeder(Fichtenshlag) of Germany Bernd O\u00dfmann\u00a0 and L\u00e1szl\u00f3 &nbsp; Marco Ossman, Kranyik L\u00e1szl\u00f3 and VA1\u00a0Remo Fichtenschlag &nbsp; Hans-Peter Rieker &nbsp; Kranyik L\u00e1szl\u00f3 \u00e9s Kranyik Tibor VA Eskoval &nbsp; Kranyik Tibor \u00e9s Quantum v.Arminius (D\u00fcsseldorf JHKLR SG3) &nbsp; Kranyik &hellip; <\/p>\n<p><a class=\"more-link block-button\" href=\"https:\/\/inregnummarianum.d250.hu\/inregnummarianum\/galeria\/\">Olvass tov\u00e1bb &raquo;<\/a><\/p>\n","protected":false},"author":1,"featured_media":0,"parent":0,"menu_order":7,"comment_status":"closed","ping_status":"closed","template":"","meta":[],"_links":{"self":[{"href":"https:\/\/inregnummarianum.d250.hu\/inregnummarianum\/wp-json\/wp\/v2\/pages\/30"}],"collection":[{"href":"https:\/\/inregnummarianum.d250.hu\/inregnummarianum\/wp-json\/wp\/v2\/pages"}],"about":[{"href":"https:\/\/inregnummarianum.d250.hu\/inregnummarianum\/wp-json\/wp\/v2\/types\/page"}],"author":[{"embeddable":true,"href":"https:\/\/inregnummarianum.d250.hu\/inregnummarianum\/wp-json\/wp\/v2\/users\/1"}],"replies":[{"embeddable":true,"href":"https:\/\/inregnummarianum.d250.hu\/inregnummarianum\/wp-json\/wp\/v2\/comments?post=30"}],"version-history":[{"count":25,"href":"https:\/\/inregnummarianum.d250.hu\/inregnummarianum\/wp-json\/wp\/v2\/pages\/30\/revisions"}],"predecessor-version":[{"id":895,"href":"https:\/\/inregnummarianum.d250.hu\/inregnummarianum\/wp-json\/wp\/v2\/pages\/30\/revisions\/895"}],"wp:attachment":[{"href":"https:\/\/inregnummarianum.d250.hu\/inregnummarianum\/wp-json\/wp\/v2\/media?parent=30"}],"curies":[{"name":"wp","href":"https:\/\/api.w.org\/{rel}","templated":true}]}}